 f?
8
Suppose 8*z - 88 = 16. Calculate the highest common divisor of z and 16523.
13
Suppose -458*w + 7892 + 291755 + 192703 = 0. Let j be 2/4 - 98/(-4). Calculate the greatest common factor of j and w.
25
Let q(d) = -93*d**3 + 2605*d**2 - 27*d + 40. Let b be q(28). What is the highest common divisor of b and 6902?
34
Let x = 5302 - 5293. Calculate the greatest common divisor of x and 876.
3
Let i(g) = g**3 + 11*g**2 + 25*g + 15. Let m = -424 + 417. Let j be i(m). What is the highest common factor of 96 and j?
12
Let j(f) = -f**2 + 15*f - 2. Let w(d) = 3*d**2 - d + 12. Let p be w(0). Let o be j(p). Let n be 119/o*12/7. Calculate the highest common divisor of 54 and n.
6
Suppose 38*r - 37*r - 1247 = 4*v, -v + 5090 = 4*r. Calculate the greatest common divisor of 123 and r.
41
Suppose 4*b + 9691 - 120576 = -n, -3*b = -4*n - 83159. What is the greatest common factor of b and 19?
19
Let f = 3278 - 3275. Calculate the greatest common factor of 44 and f.
1
Suppose -x - 4*x - 65 = -d, -x + 147 = 3*d. Let o = -88 + 438. Calculate the greatest common divisor of d and o.
50
Let s be 1/3 + (-5)/(-3). Let l(f) = 136 - 4*f - 276 + 135 + 3*f + 4*f. Let d be l(s). What is the highest common factor of 4 and d?
1
Suppose 3572 = 2*u - 4*k, u - 398 = -3*k + 1388. What is the highest common factor of 304 and u?
38
Suppose 7*l = 3*l + r + 96, 0 = -l + 5*r - 14. Calculate the highest common divisor of 3445 and l.
13
Suppose 10520 = 138*q - 22*q + 147*q. Let t be (-160)/(-24)*6/4. Calculate the highest common divisor of t and q.
10
Suppose 47 = f + 4*w, 0 = 5*f - 0*w + 5*w - 205. What is the greatest common divisor of 2327 and f?
13
Suppose -3*b - 2*g + 1 = 0, -5*g - 20 = -5*b + 15. Suppose -b*o - 209 = -668. What is the greatest common divisor of 45 and o?
9
Let w(f) = -2*f**3 + 12*f**2 + 5*f - 15. Let i be w(6). Let h = 6 - -39. Let l = h - i. What is the greatest common divisor of l and 90?
30
Let q(f) = -f**2 + 6*f + 658. Let a be q(0). Suppose 311 + a = 51*m. What is the highest common divisor of m and 7?
1
Let o be (15 - (23 - 10)) + 210. What is the highest common factor of o and 64?
4
Let a = 34069 - 33376. What is the highest common factor of a and 3339?
63
Let q = 3260 + -1928. Calculate the greatest common factor of q and 592.
148
Suppose -3*j + 678 = u, -2086 = 205*u - 208*u + 4*j. What is the greatest common divisor of 759 and u?
69
Let z = 195 + -83. Suppose 110*f = z*f - 28. What is the greatest common factor of 322 and f?
14
Let o(a) = -2574*a + 362. Let d be o(-2). Calculate the highest common divisor of d and 19.
19
Let a = -102 + 28. Let d = 165 - 73. Let t = d + a. What is the greatest common divisor of t and 144?
18
Suppose -14 = 2*z - 6, -2*r + 22 = 3*z. Let k be 0 + 72 - -5*48/(-60). What is the highest common factor of r and k?
17
Let t(h) = -38*h + 1. Let a be t(-2). Suppose -x - 6 = -19. Let b = -6 + x. Calculate the greatest common factor of a and b.
7
Suppose -819 = -3*o + 2*b, -63*o + 4*b = -62*o - 263. Calculate the greatest common factor of o and 225.
25
Let r be (-7837)/(-13) - ((-17)/26 - 9/(-18)). Calculate the greatest common divisor of 27 and r.
9
Let j = 4649 + -4500. Calculate the highest common divisor of 298 and j.
149
Let n = -28 - -168. What is the highest common divisor of n and 100?
20
Let n(f) = f**2 + 5*f - 2. Let i be n(-6). Let h(g) = -8*g - 12 - 11 - i - 7. Let y be h(-5). What is the greatest common divisor of y and 42?
6
Let p(j) = j**3 - 67*j**2 + 615*j + 64. Let z be p(56). Calculate the greatest common factor of 5128 and z.
8
Let x be 12 + (-708)/60 + (-15236)/(-20) + 5. Calculate the highest common factor of 944 and x.
59
Let a = 7 - -3. Let z(n) be the second derivative of -n**4/12 + 2*n**3 - 9*n**2/2 - 5*n. Let u be z(a). What is the highest common divisor of 55 and u?
11
Suppose 284*b - 1550 = 289*b. Let c = b - -325. What is the greatest common factor of c and 60?
15
Let x be 2*-3 + 2 - -58. Let h = -323 - -348. Suppose -h = -t - 5*k, -t - 11 + 64 = -2*k. Calculate the greatest common divisor of x and t.
9
Let k(o) = -27*o + 221. Let t be k(-22). Let m = t + -710. What is the highest common factor of 175 and m?
35
Suppose 0 = 2*m + 4*f + 114, m - f + 50 = -4. Let u = 0 - m. Calculate the highest common divisor of 44 and u.
11
Let i(f) = 10*f**2 + 29*f + 170. Let m be i(-5). Let c = m - 235. Suppose 4*v - 9 = -2*g + 5, 3*g = -v - 4. Calculate the greatest common divisor of v and c.
5
Suppose b + 25 = 5*h + 5*b, 2*b - 15 = -5*h. Let p(u) = 152*u**3 + 5*u - 4. Let a be p(h). Calculate the highest common divisor of 45 and a.
9
Let c be (5 - 17 - -12)/(5 + 1) + 228. Calculate the highest common divisor of c and 68.
4
Let y(a) = -131*a + 5. Let u be y(-1). Suppose -3*x = 3*k - 13 + 1, -5*x + 4*k + 56 = 0. What is the greatest common factor of x and u?
8
Suppose o = -3*o + 5*k + 135, 0 = -2*o - 3*k + 51. Suppose 28*t = o*t - 6. Suppose 0 = -3*a - t*a + 252. What is the highest common factor of a and 7?
7
Suppose -195*j = 35*j - 0*j - 85100. Calculate the highest common factor of j and 95.
5
Suppose -144931 = -58*x - 4339. What is the greatest common divisor of 24 and x?
24
Suppose -5*o - o + 125 = 89. Calculate the highest common divisor of o and 10554.
6
Suppose -l + 5*s = 11, 5*l + 0*l = -2*s + 26. Suppose -3*u = l*d - 17, -4*d - 2*u + 5*u + 47 = 0. What is the highest common divisor of d and 40?
8
Suppose -h = o + o - 205, -5*o - 10 = 0. What is the greatest common factor of 143 and h?
11
Suppose -390 = -2*q - 6*w, -w = 4*q - 1244 + 464. What is the greatest common factor of 25 and q?
5
Suppose -2016 = -713*m + 699*m. Calculate the greatest common factor of 384 and m.
48
Suppose -195*u = -100773 - 53574 - 89403. What is the highest common factor of u and 350?
50
Let a be (-10)/((-170)/221) + -1. What is the highest common divisor of a and 78?
6
Suppose -5*n - 2*a = -4*n - 9, -2*a = -n + 1. Suppose -4*b + n*b = 217. Calculate the highest common divisor of b and 7.
7
Let d = 114 - 163. Let k = 69 + d. Let a be 81/4 - (-1)/(-4). Calculate the highest common factor of k and a.
20
Suppose -300 + 3652 + 1404 = 29*i. What is the greatest common factor of 656 and i?
164
Suppose 5*y - 2*v - v = 39, -4*v - 12 = 0. Suppose 5*o = -a, -5*a - 2*o + 145 = -y*o. Let w = 77 - a. What is the greatest common factor of 78 and w?
26
Let i(y) = 9*y**3 - 26*y**2 + 5*y + 32. Let r be i(5). Calculate the greatest common factor of 16 and r.
4
Let z(x) = 68*x - 1539. Let j be z(23). Calculate the greatest common divisor of 4475 and j.
25
Let x(p) = -527*p + 2831. Let v be x(5). Suppose -3*l + f = -135 - 38, 2*f = l - 66. Calculate the greatest common divisor of v and l.
28
Suppose 5*q = -8*q + 13. Let h be (-297)/(-11) + q + 2. What is the highest common divisor of 24 and h?
6
Suppose 0 = 2892*z - 2897*z + 180. Let a(l) = l + 2. Let u be a(7). Calculate the greatest common divisor of u and z.
9
Let k be ((-9)/(-18))/(21/(-24) + 1). Suppose 5*v - 5*y - 2565 = 0, 0*y = 2*v + k*y - 1044. What is the greatest common divisor of 12 and v?
12
Suppose 5*y + 2*s - 34 = 0, 16*y + 4*s - 38 = 11*y. Let j be 10/(-15) - 296/(-12). Calculate the highest common factor of j and y.
6
Suppose 4*o = -11 - 9, 0 = n - 5*o - 29. Suppose 3*w + 24 = j, -30 = -94*j + 89*j - 3*w. Calculate the highest common divisor of j and n.
1
Let n = 439 - 178. Suppose 18*f = 13*f + 275. Let w = 84 - f. Calculate the highest common divisor of w and n.
29
Let m = -4601 + 4611. What is the greatest common divisor of m and 4210?
10
Let p(o) = o - 2. Let n be p(3). Let a = 58962 + -58960. Calculate the greatest common factor of n and a.
1
Suppose 7*n = 27*n + 540. Let y = 13 - n. Calculate the highest common divisor of 8 and y.
8
Let s = 551 - 549. Suppose -3*x = 5*o - 17, -x - 3*x = s*o - 46. Calculate the highest common factor of x and 77.
7
Let f(m) = -13*m + 81. Let b be f(6). Suppose b*j - 2*j = -y + 3, 2*j + 15 = y. Calculate the greatest common divisor of 175 and y.
7
Let t(q) = q**3 - 15*q**2 + 2*q - 275. Let d be t(16). What is the greatest common divisor of 66 and d?
1
Let d(s) = 11*s**2 + 6*s - 3. Let m be d(1). Suppose -6912 = -m*i - 50*i. What is the greatest common factor of i and 192?
12
Let y(i) = 135*i + 10200. Let o be y(11). Calculate the greatest common fact